 1 - 0 - 6 - (-6 + -5)?
6
What is -1 - (-10 + (-1 - -7))?
3
Calculate -1 - (-10 - -11 - (5 + 0)).
3
25 + -24 - (0 + (-2 - 0))
3
Evaluate 2 + 1 + (0 - -2) + -1.
4
6 - (16 + (-19 - -9))
0
(-2 - -3) + 4 + -3
2
Evaluate 8 + -7 + (-10 - -4) + 11.
6
What is the value of -1 + -2 + -2 + -1?
-6
What is -4 - -1 - (33 - 37) - -6?
7
What is the value of 0 + -21 - (151 + -163)?
-9
What is the value of -5 + 2 + -2 + 3?
-2
What is (1 - 0) + (1 + -3 - -1)?
0
Calculate (-5 - 0) + 12 + (-18 - -9).
-2
Calculate 2 + -4 + 3 + -5.
-4
Evaluate -20 - -12 - -12 - (0 - -5).
-1
What is the value of ((3 - -2) + -2 - 7) + 2?
-2
What is 9 + -2 + -2 + -2 - -1?
4
What is -3 + (4 - 3) + -3?
-5
Evaluate (0 - -1) + (2 - -1).
4
What is (-30 - -29) + (-2 - -3 - 0)?
0
(5 - 25) + 25 + (3 - -1)
9
Evaluate -7 - (1 + -2 + -3 - -2).
-5
What is the value of (-5 - (1 - 2)) + -8 + 9?
-3
What is (1 - (-7 - 0)) + (59 - 65)?
2
Calculate 0 + -8 + 21 + -7.
6
Evaluate -7 + 10 - (-1 - (1 - 3)).
2
What is the value of 2 + -3 + -2 + (-8 - -15)?
4
Calculate -2 - (-8 + 2 + 4).
0
What is -2 - -2 - (-3 - -8)?
-5
Calculate 6 + -16 + 11 + (-8 - -1).
-6
Evaluate 5 - 10 - (-4 + -2 + 11).
-10
Evaluate 6 - -3 - (0 + 6).
3
5 - 4 - (5 + -1)
-3
What is 5 - (3 + -4 + 6)?
0
Calculate (-3 - -3) + -8 + 14.
6
Calculate 0 + 3 - ((17 - 4) + -10).
0
What is the value of -7 + (-5 - -3) + 4 - -11?
6
0 + 3 + 1 - -1
5
2 + (1 - (1 - -2)) + -2
-2
What is the value of -13 - ((-6 - (9 + -7)) + -1)?
-4
Calculate (-6 - -11) + (2 - 2) + -3.
2
Evaluate -4 + (4 + -4 - -7 - 4).
-1
Calculate 5 - 11 - (-3 + -2).
-1
Calculate (1 - 1) + -65 + 59.
-6
2 + 2 - (6 - 5 - -9)
-6
Calculate 1 - (6 - 11) - 6.
0
What is -30 + 27 - (1 + -3 + 8)?
-9
What is the value of -2 + (12 - 6) - 4?
0
Calculate 13 + -26 + 8 - (0 + -5).
0
What is 1 - ((8 - 4) + -8)?
5
What is 4 - -7 - 12 - (-2 - 4)?
5
What is the value of -5 + (0 - (-2 - -7)) + 1?
-9
Calculate 9 - ((-7 - -6) + 3).
7
What is 1 + (2 - -1) + (1 - 4)?
1
5 - (15 + -9 - (3 + 1))
3
Evaluate -14 + 8 - (-18 + 13).
-1
(5 - 2) + -8 + 6
1
What is -1 - (4 + -5) - 7?
-7
What is the value of (-1 - -8 - (75 - 72)) + -1?
3
1 + 6 + -10 + 1 + -2
-4
-6 + (3 + -5 - (4 - 8))
-4
1 + (3 + 0 - -2) + -3
3
Evaluate -8 + -1 + 13 - (0 + -1).
5
Calculate -3 - -5 - (1 - -1).
0
What is (-31 - -32) + (1 - (2 + -3))?
3
What is (5 + 0 - 8) + 4?
1
What is (-1 - -1 - 2) + (-1 - 1)?
-4
What is the value of (2 - 1 - 4) + 2?
-1
7 + (-6 - -14) + -12
3
What is the value of 0 + (-3 - 0) + 0 + 4?
1
Evaluate (35 - 41) + 3 + (1 - 0).
-2
What is the value of 3 + -11 + 8 + -1 + -2?
-3
(0 - -4) + (-6 - (-10 - -4))
4
3 + (14 - (-5 + 7 - -6))
9
What is (1 - 0) + -2 + -1?
-2
What is the value of 11 - (4 - -6 - 4)?
5
0 - -7 - (11 + -3 - 3)
2
What is -1 + 1 + -2 + (0 - 0)?
-2
0 + 3 - 3 - (1 - -3)
-4
What is the value of -3 - 3 - (-1 + 3 + -2)?
-6
Calculate -1 + -3 - (-10 + 13 + -4).
-3
What is -8 - -3 - -3 - (2 - 0)?
-4
What is 1 - 3 - 3 - (-43 + 34)?
4
What is the value of 6 + -7 + 4 + (1 - 1)?
3
Calculate 5 + 5 + (1 - 9).
2
Evaluate 6 - (0 + -4 + (3 - -14)).
-7
Calculate -3 - (-2 - -1 - (8 - 5)).
1
Calculate -5 - (-14 - -18 - (1 - -2)).
-6
What is (31 + -15 - 13) + (0 - 1)?
2
What is 8 + 0 - (-2 + 7)?
3
Calculate -2 + 2 - 2 - (5 - 9).
2
What is the value of 4 + -4 + 2 + 2 + -1?
3
3 + 5 + -6 + (1 - -1)
4
Calculate 1 + 5 - -3 - (-4 + 8).
5
What is 4 + (2 + -7 - -2) + 2?
3
What is the value of -6 + (1 - -1 - (0 + 1))?
-5
Evaluate 0 + -2 + (-3 - (1 + -11)).
5
What is 17 - 17 - (-3 + 2 - -4)?
-3
What is -7 + (1 - -2 - (35 - 40))?
1
Evaluate 3 - (0 + 2 - 2).
3
What is (0 - 3 - (10 - 10)) + 0?
-3
What is the value of -8 - (-9 + 1) - (-4 - -1)?
3
Evaluate -1 + 2 - (-10 - -10).
1
What is 5 + (-9 - (-8 + 4)) - 8?
-8
What is the value of 0 - -2 - 5 - -1 - -6?
4
Calculate -13 - -1 - (2 + -9 - -2).
-7
What is the value of (-3 - -4) + -3 + 2?
0
What is 4 + -3 + 2 + (-5 - 0)?
-2
Calculate (1 - (-6 - -10)) + 0.
-3
-2 + (4 - 8) + (4 - 0)
-2
What is the value of -1 + 7 + -7 - 6?
-7
Evaluate (-5 - -6 - 10) + (0 - -5).
-4
Evaluate -2 + 1 + 2 + -7 - -1.
-5
What is (6 + -3 - -9) + -4?
8
Evaluate (-15 - -10) + (2 - (1 + 0)).
-4
Calculate -7 - (12 - 27) - 10.
-2
What is the value of -3 - (4 + -7) - -4?
4
Calculate 5 + (-8 - -6) + 3 + -12.
-6
Calculate (0 - 0) + (6 - (-7 - -7)).
6
5 + -22 + (20 - 7)
-4
Evaluate -6 + (-6 + 6 - (-4 + -4)).
2
Evaluate (-5 - (13 - 6 - 11)) + 3.
2
What is -5 + (-1 - -1 - -1)?
-4
What is the value of 0 + -4 + 2 - -9?
7
What is the value of 11 + -12 + (-4 - -2)?
-3
What is 6 + 4 + 5 + -11?
4
Evaluate 36 - 27 - (1 - (-1 + -2)).
5
What is the value of 17 + -17 + 8 + -3?
5
-7 + (1 - (1 - 4))
-3
What is the value of 2 - (4 - -2) - (22 + -19)?
-7
Calculate 3 + (-2 - (4 + -3) - 3).
-3
What is 9 - 5 - (3 - 4) - 2?
3
What is the value of (-1 - -4) + -8 + 3 - -7?
5
Calculate 11 + ((-11 - -2) + 3 - -1).
6
What is the value of 0 - (5 + -2 + -1)?
-2
What is 2 + 3 + 0 - 10?
-5
What is 10 - ((-8 - -11) + -1)?
8
Calculate -4 + (4 - (0 + (-6 - -3))).
3
What is -38 + 35 - (-7 - 2)?
6
What is the value of (9 - (-2 - 1)) + (-2 - 4)?
6
What is 0 + 3 - (14 + -14)?
3
Evaluate (0 - 5) + 1 + 5 - -4.
5
Evaluate (30 - 27) + -2 + 1.
2
Evaluate 9 + 3 - 9 - -1.
4
3 + (-2 - 3) + 0
-2
What is -1 + 6 - (-6 - -3)?
8
What is 9 - (12 + (-10 - -10))?
-3
0 + 8 - (-13 - -13 - -8)
0
Evaluate 0 - 7 - (105 + -108).
-4
Calculate (4 + 4 - 5) + 6 + -4.
5
Evaluate 3 + -6 + -1 + 1 + -3.
-6
-2 + 6 + (5 - (-1 - -5))
5
What is the value of 11 - 8 - 7 - (-4 - -6)?
-6
Calculate 1 - 2 - (-26 - -18).
7
What is -2 + 4 + (3 - 7)?
-2
3 + 4 + (-4 + 8 - 9)
2
-11 + 0 + (13 - 4)
-2
5 + -2 + (-5 - -6)
4
Evaluate 0 + 0 - 4 - (214 + -215).
-3
Evaluate -1 - 0 - (-6 + 2 + 0).
3
(2 - 1) + 5 + -10 + 8
4
Calculate -17 + 18 - (-1 + 0 + 1).
1
What is 9 + -7 + (2 - 6)?
-2
Calculate -2 - (2 + 0 + 7 + -4).
-7
Calculate -16 - -6 - 3 - -8.
-5
0 - (4 + -2) - (11 - 12)
-1
What is 5 - (0 + (-5 - -4))?
6
Evaluate 0 + (-4 - (-2 + -3)).
1
8 + (-2 - 0) + -7
-1
What is the value of (-2 + 2 + 1 - -1) + -7?
-5
Evaluate -1 + -6 + -3 + 3.
-7
Calculate 0 - ((2 - -1) + -5).
2
Calculate 2 + -3 + (0 - 3) + 2.
-2
0 + -10 + 9 + -1
-2
Calculate -4 + (2 + -4 - -2 - -2).
-2
Calculate -3 + (-1 - -2) + -3 + 0.
-5
What is 2 + 1 - (-1 + 2)?
2
What is the value of 14 - 10 - (10 - -2)?
-8
What is (5 - -9) + (1 - 7)?
8
Evaluate 23 + -20 + 2 + -1.
4
What is the value of -2 - -4 - -5 - 2?
5
Calculate 4 - (22 + -11 + -15).
8
What is (3 - -1 - 6) + -1?
-3
What is the value of -9 + -1 + 9 - -2?
1
What is the value of 4 + -6 + 6 + -4?
0
(-2 - -4) + 1 - (-6 + 5)
4
110 + -108 + (-1 - (0 - 4))
5
Calculate 3 - (4 + -15 + 8).
6
What is -9 + 7 + 7 - -1?
6
What is the value of -8 + 20 + -3 + 3 + -6?
6
Calculate (-7 - 1) + (-52 - -64).
4
What is -2 + 6 - 13 - -4?
-5
Evaluate 1 - 10 - (51 - 57).
-3
(0 - (3 - 2) - -1) + 0
0
Calculate -9 - (-12 + 5 + -10).
8
Evaluate (6 - 8) + (6 - 0).
4
Evaluate -4 + 1 + 3 + -4.
-4
Evaluate 29 + -31 + (3 - 0).
1
Evaluate (6 + -3 - 1) + (44 - 52).
-6
-11 - (5 - 6 - -1 - 5)
-6
Calculate 8 - (15 + (-7 - 0)).
0
Evaluate -10 + (28 - 6) + -8.
4
Evaluate 5 - (-13 + 6 + 3).
9
Calculate (15 - 2 - 9) + -3 + -1.
0
What is the value of -11 + 13 - (-4 - -15)?
-9
Evaluate (-14 - 0) + (30 - 16) + -9.
-9
6 - ((-11 - -37) + -12)
-8
What is -6 + (-5 - 1) + 12?
0
What is 3 - (-23 + 22) - (-1 - -1)?
4
What is the value of 4 - 6 - -2 - 5?
-5
Evaluate 40 - 46 - (-10 + 0) - 8.
-4
0 + 3 + -7 + (6 - 6)
-4
What is -4 + (6 - -3) + 6 + -9?
2
Calculate 0 + 2 + 1 - 5.
-2
Evaluate (-9 - 0 - -7) + -3 + 1.
-4
Evaluate -2 - (2 + 0 + -11 + 2).
5
Evaluate -3 - (0 + (-1 - -3 - 2)).
-3
Calculate 6 - 12 - (1 + -4 + 1).
-4
Calculate 3 + (-1 + 5 - (2 - -5)).
0
Calculate -1 + 1 - (-66 - -68).
-2
Evaluate 12 - (-4 + 0 + 10).
6
What is (-2 - -7) + -4 - (1 - 1)?
1
4 + 1 + 7 + (8 - 18)
2
Evaluate 8 + (-2 + -3 - -2).
5
What is the value of (-1 - (2 + -1 + -2)) + 3?
3
Evaluate 12 + -6 + 0 - 1.
5
What is (-7 - 1) + 5 - (4 + -8)?
1
Evaluate -2 + 0 - (-16 + 12).
2
Evaluate 0 - (-1 - (-12 - (-2 + -3))).
-6
Calculate 4 + -1 - (-37 + 36).
4
What is the value of -10 + 18 + (0 - 0) + -6?
2
What is -5 + (-1 - (-3 + -4 + 4))?
-3
Calculate -6 + (-19 - -12) + 13 + -1.
-1
1 - (-1 + -2 - (7 + -11))
0
What is 7 - (3 + 1 + 3 - 4)?
4
What is (-18 - -21) + (1 - 2) - 6?
-4
7 - (-9 + (9